s 4 (base 10) in base 14?
4
Convert 331 (base 4) to base 7.
115
153 (base 7) to base 15
5c
What is -1123 (base 4) in base 13?
-70
What is -3 (base 15) in base 11?
-3
-4 (base 12) to base 9
-4
-a2 (base 12) to base 10
-122
Convert -8 (base 16) to base 4.
-20
Convert -42 (base 13) to base 10.
-54
Convert -31 (base 4) to base 5.
-23
-3 (base 9) to base 10
-3
-10 (base 3) to base 11
-3
Convert -1 (base 15) to base 4.
-1
85 (base 11) to base 9
113
Convert -5 (base 15) to base 14.
-5
What is 110 (base 5) in base 9?
33
Convert -23 (base 9) to base 5.
-41
What is -1c (base 14) in base 10?
-26
Convert 312 (base 5) to base 10.
82
What is 0 (base 8) in base 16?
0
-e (base 15) to base 9
-15
What is 2 (base 15) in base 16?
2
Convert -22 (base 4) to base 11.
-a
Convert -a4 (base 12) to base 4.
-1330
Convert 7 (base 12) to base 2.
111
105 (base 9) to base 5
321
Convert 153 (base 9) to base 3.
11210
What is -2 (base 5) in base 7?
-2
-49 (base 16) to base 14
-53
What is -140 (base 14) in base 2?
-11111100
27 (base 11) to base 8
35
Convert 10 (base 10) to base 13.
a
-118 (base 9) to base 4
-1202
What is 2 (base 12) in base 13?
2
-18 (base 12) to base 2
-10100
What is -b (base 12) in base 13?
-b
2 (base 10) to base 9
2
What is 1312 (base 4) in base 13?
91
-3 (base 14) to base 9
-3
45 (base 12) to base 3
1222
What is -1110 (base 2) in base 10?
-14
What is -10111011 (base 2) in base 12?
-137
Convert 0 (base 3) to base 10.
0
Convert -3 (base 13) to base 6.
-3
What is 177 (base 12) in base 4?
3223
-1020 (base 3) to base 16
-21
-c7 (base 16) to base 2
-11000111
-2 (base 16) to base 10
-2
Convert 1 (base 3) to base 7.
1
1 (base 9) to base 7
1
13 (base 4) to base 5
12
What is 36 (base 13) in base 15?
30
What is 64 (base 8) in base 3?
1221
What is -12 (base 8) in base 12?
-a
What is -2 (base 14) in base 11?
-2
What is -aa (base 11) in base 9?
-143
73 (base 8) to base 10
59
What is 1f (base 16) in base 11?
29
0 (base 13) to base 15
0
a (base 15) to base 16
a
What is 23 (base 14) in base 12?
27
-20 (base 4) to base 12
-8
What is -d (base 15) in base 14?
-d
Convert 3 (base 10) to base 6.
3
What is 100 (base 3) in base 16?
9
-12 (base 16) to base 7
-24
What is 0 (base 5) in base 13?
0
What is -3 (base 11) in base 16?
-3
-11221 (base 3) to base 14
-97
What is -a1 (base 12) in base 3?
-11111
What is -4 (base 15) in base 14?
-4
1 (base 12) to base 14
1
What is -606 (base 7) in base 14?
-176
What is 11 (base 3) in base 5?
4
-3 (base 13) to base 11
-3
-3 (base 14) to base 16
-3
Convert 43 (base 6) to base 12.
23
What is -a (base 13) in base 14?
-a
Convert 73 (base 15) to base 5.
413
1b1 (base 12) to base 13
184
1 (base 5) to base 16
1
5 (base 7) to base 4
11
Convert -1 (base 5) to base 4.
-1
What is -4 (base 14) in base 15?
-4
What is 111 (base 2) in base 12?
7
Convert -11b (base 15) to base 11.
-209
305 (base 6) to base 2
1110001
What is 121 (base 5) in base 13?
2a
-2 (base 3) to base 10
-2
What is -8c (base 16) in base 13?
-aa
2 (base 6) to base 3
2
-213 (base 8) to base 13
-a9
Convert 4 (base 10) to base 6.
4
-4 (base 16) to base 7
-4
3 (base 9) to base 6
3
What is 2 (base 10) in base 7?
2
-4 (base 12) to base 14
-4
Convert 4 (base 12) to base 13.
4
What is -4 (base 13) in base 10?
-4
Convert -45 (base 7) to base 13.
-27
100001 (base 3) to base 15
114
Convert -141 (base 6) to base 10.
-61
-27 (base 9) to base 4
-121
What is 11 (base 4) in base 15?
5
0 (base 3) to base 5
0
-2 (base 13) to base 5
-2
-15 (base 16) to base 12
-19
Convert 16 (base 10) to base 2.
10000
30 (base 8) to base 9
26
What is -51 (base 10) in base 9?
-56
What is -321 (base 6) in base 13?
-94
What is 87 (base 12) in base 4?
1213
What is 120 (base 5) in base 9?
38
What is 46 (base 12) in base 16?
36
What is 38 (base 15) in base 7?
104
What is -1 (base 16) in base 5?
-1
What is -29 (base 14) in base 6?
-101
Convert 110 (base 4) to base 13.
17
-100 (base 5) to base 9
-27
-3 (base 6) to base 5
-3
-b5 (base 12) to base 8
-211
20 (base 9) to base 7
24
Convert -93 (base 10) to base 3.
-10110
What is -1 (base 16) in base 10?
-1
What is -56 (base 7) in base 14?
-2d
14 (base 6) to base 3
101
What is 0 (base 5) in base 16?
0
Convert -23 (base 4) to base 7.
-14
Convert -64 (base 13) to base 4.
-1102
Convert e (base 15) to base 8.
16
What is 0 (base 11) in base 14?
0
Convert -77 (base 15) to base 12.
-94
What is -183 (base 13) in base 2?
-100010100
200 (base 8) to base 7
242
-3 (base 10) to base 3
-10
What is 11 (base 6) in base 11?
7
What is 60 (base 13) in base 2?
1001110
7 (base 11) to base 13
7
Convert 3 (base 7) to base 3.
10
Convert 1 (base 4) to base 3.
1
What is 31 (base 12) in base 7?
52
Convert 3 (base 6) to base 8.
3
Convert -2021 (base 3) to base 2.
-111101
Convert -2 (base 15) to base 11.
-2
Convert -1111 (base 3) to base 14.
-2c
What is 1 (base 6) in base 9?
1
0 (base 9) to base 8
0
Convert 0 (base 4) to base 13.
0
-1010111 (base 2) to base 5
-322
-10 (base 7) to base 10
-7
Convert -8 (base 11) to base 7.
-11
What is 24 (base 7) in base 6?
30
Convert -5 (base 14) to base 4.
-11
4 (base 11) to base 12
4
What is -188 (base 11) in base 8?
-331
Convert 0 (base 12) to base 16.
0
1 (base 4) to base 12
1
Convert -10 (base 5) to base 16.
-5
What is -76 (base 9) in base 16?
-45
Convert -2 (base 5) to base 8.
-2
Convert 0 (base 4) to base 2.
0
-7 (base 14) to base 8
-7
What is 1 (base 12) in base 7?
1
What is -2e (base 16) in base 7?
-64
What is 2221 (base 3) in base 4?
1033
Convert b6 (base 15) to base 12.
123
Convert -4 (base 14) to base 11.
-4
Convert 51 (base 8) to base 10.
41
-14 (base 14) to base 2
-10010
Convert 15 (base 15) to base 3.
202
What is 3 (base 5) in base 15?
3
What is 0 (base 11) in base 16?
0
Convert -4 (base 9) to base 2.
-100
2 (base 11) to base 4
2
Convert -24 (base 5) to base 10.
-14
-204 (base 9) to base 3
-20011
What is -8 (base 11) in base 6?
-12
315 (base 8) to base 11
177
What is -1 (base 11) in base 14?
-1
What is -6 (base 8) in base 3?
-20
-1 (base 4) to base 3
-1
Convert 55 (base 6) to base 16.
23
16 (base 12) to base 4
102
What is -243 (base 6) in base 14?
-71
What is 101 (base 2) in base 8?
5
Convert 1 (base 11) to base 15.
1
120 (base 3) to base 4
33
-3 (base 10) to base 4
-3
What is 237 (base 11) in base 5?
2112
Convert -48 (base 14) to base 15.
-44
What is -1 (base 2) in base 5?
-1
1 (base 13) to base 10
1
What is -2 (base 7) in base 8?
-2
Convert -18 (base 9) to base 2.
-10001
-27 (base 10) to base 6
-43
What is -12 (base 5) in base 12?
-7
7 (base 11) to base 7
10
-29 (base 15) to base 8
-47
What is 13 (base 12) in base 8?
17
Convert 20 (base 4) to base 13.
8
Convert 11 (base 6) to base 2.
111
8 (base 15) to base 13
8
What is 1 (base 8) in base 13?
1
Convert 5 (base 10) to base 8.
5
Convert -2 (base 15) to base 3.
-2
Convert 214 (base 9) to base 5.
1200
-1423 (base 5) to base 16
-ee
Convert -40 (base 8) to base 6.
-52
-100 (base 5) to base 10
-25
3 (base 14) to base 10
3
Convert -3 (base 5) to base 9.
-3
-15 (base 12) to base 15
-12
What is -34 (base 5) in base 4?
-103
Convert 10 (base 4) to base 2.
100
-5 (base 11) to base 4
-11
What is -3 (base 4) in base 5?
-3
What is 14 (base 8) in base 14?
c
Convert -6 (base 16) to base 14.
-6
41 (base 6) to base 13
1c
3 (base 8) to base 6
3
111 (base 3) to base 4
31
Convert -47 (base 11) to base 7.
-102
-1101 (base 5) to base 9
-177
What is 40 (base 16) in base 10?
64
What is -1 (base 4) in base 12?
-1
Convert 180 (base 9) to base 16.
99
Convert -1 (base 11) to base 13.
-1
-104 (base 5) to base 6
-45
350 (base 9) to base 7
561
What is 5 (base 13) in base 11?
5
What is -11 (base 16) in base 3?
-122
What is -114 (base 5) in base 10?
-34
What is -5 (base 16) in base 3?
-12
What is -5 (base 10) in base 2?
-101
What is -28 (base 12) in base 7?
-44
-16 (base 8) to base 5
-24
-d (base 15) to base 2
-1101
What is -12 (base 3) in base 12?
-5
Convert 24 (base 10) to base 7.
33
2 (base 16) to base 5
2
Convert -13 (base 11) to base 13.
-11
-1 (base 3) to base 10
-1
-86 (base 10) to base 8
-126
-17 (base 15) to base 16
-16
Convert 10 (base 2) to base 5.
2
What is -2 (base 10) in base 13?
-2
What is -22 (base 16) in base 15?
-24
Convert -30 (base 13) to base 10.
-39
What is 3 (base 15) in base 7?
3
What is 1110011 (base 2) in base 12?
97
-1 (base 7